y**2 + 10*y - 4. Let a be o(-11). Suppose 399 = -a*k + 1414. Calculate the greatest common factor of 29 and k.
29
Suppose -640 = -303*b + 295*b. What is the greatest common factor of 64 and b?
16
Suppose -2*q = -q. Let x = -8 + 24. Suppose 4*t + x = 0, 3*i - 2*t - 2 - 24 = q. Calculate the highest common divisor of 15 and i.
3
Let w(u) = 3*u**2 - 2*u + 4. Let l(g) = -2*g**2 + 1. Let j be l(3). Let n = 20 + j. Let c be w(n). Calculate the highest common divisor of 25 and c.
25
Let y(g) = g**2 + g - 1. Let s be y(-3). Let q(j) = -12*j + 3. Let c be q(-4). Let i = c + -11. What is the highest common factor of s and i?
5
Let m(y) = 2*y**2 - 20*y - 45. Let n be m(16). What is the greatest common factor of n and 21?
21
Suppose q - 5 = -0*q. Let b(m) = -m**3 + 6*m**2 - 1. Let f be b(q). Calculate the greatest common divisor of f and 96.
24
Suppose 10 = g - 3*d, 4*d + 2 = 2*d. Suppose -2*z + 9 = g. What is the highest common factor of z and 8?
1
Suppose 3 - 9 = -2*t. Suppose -110 = -f - 5*p + 120, 5*p + 190 = f. Suppose -2*m - t*m = -f. Calculate the greatest common divisor of m and 28.
14
Suppose 0 = -3*s + 19 + 548. Let m(n) = -n**3 + 45*n**2 + 140*n + 213. Let c be m(48). What is the greatest common divisor of s and c?
21
Let d be (-1)/((-15)/80)*3. What is the highest common divisor of 16 and d?
16
Suppose 0 = 3*k - j - 299, -2*k + 116 + 74 = 4*j. What is the greatest common divisor of k and 66?
33
Suppose -3*f + 19 = 3*r + 2*f, -r + 3*f = 3. Suppose r*i + 2*i - 40 = 0. Calculate the highest common factor of 8 and i.
8
Let r(v) = -v**3 + 19*v + 6. Let c be r(-6). Suppose h - c = -h. What is the highest common divisor of h and 81?
27
Suppose 0 = -4*w + 2*w + k + 121, -2*w = -2*k - 118. What is the highest common divisor of w and 558?
62
Let y be 4/(0/1 - -1). Suppose -y*z - 150 = -9*z. What is the highest common divisor of z and 6?
6
Let n = 77 + -299. Let f = n - -321. Suppose 5*d = -2*g + 115, 4*d + 0*d + 3*g - f = 0. Calculate the highest common factor of 63 and d.
21
Suppose -y - 2201 = -2*v - 580, -5*v + 4072 = 4*y. What is the greatest common divisor of 84 and v?
28
Suppose 2*n - 5*n - u = -34, n = -u + 8. Suppose 9*k - 95 - n = 0. Calculate the greatest common factor of k and 30.
6
Let z = -566 + 681. Calculate the greatest common divisor of z and 15.
5
Let r = 109 - 110. Let l be (55*r/(-3)*9)/1. What is the highest common divisor of 15 and l?
15
Let b = -1049 + 1100. What is the greatest common divisor of b and 1071?
51
Let b = 763 - 697. What is the greatest common factor of b and 88?
22
Suppose -7*z + 10*z = 33. Suppose -z*l + 779 = -310. What is the greatest common divisor of l and 11?
11
Let i = 29 + 2. Suppose -b + c = -i - 15, -c = -5*b + 250. What is the greatest common divisor of 408 and b?
51
Let q(l) = -2*l + 7. Let v be q(-7). Let i(u) = -u**2 + 6*u + 8. Let k be i(7). Suppose -k = a - 8. Calculate the highest common divisor of v and a.
7
Let p = 9 + -6. Suppose -p + 1 = q. Let w be (-72)/(-27) - q/6. What is the greatest common divisor of 3 and w?
3
Let o(h) = 2*h**2 - 30*h + 116. Let i be o(6). What is the highest common divisor of 776 and i?
8
Suppose 8*p - 63 = -p. Suppose -p*r + 34 = -1. Calculate the greatest common factor of 40 and r.
5
Let d = -2 - -7. Suppose 1 = -c - d. Let j = c - -20. What is the greatest common factor of 56 and j?
14
Let m be (20/(-15))/(4/(-222)). Let j = m - 39. Calculate the greatest common factor of j and 280.
35
Suppose 6 = 2*b + b. Suppose -4*y + 12 = v, b*y + 1 = -4*v + 7. Let f be 12/4 + v + 12. What is the highest common divisor of f and 10?
5
Suppose 2*l + 2*b + 216 = 0, -3*b = 3*l - 5*l - 201. Let i be 4*(l/(-6))/7. Calculate the highest common divisor of i and 2.
2
Let v = 117 + -18. Suppose 3*o + v = 4*t + 4*o, 0 = -3*o + 9. What is the greatest common divisor of t and 6?
6
Suppose -l - 4 = -1. Let t = l + 75. What is the highest common factor of 9 and t?
9
Suppose -2*j - 4*c + 156 = 2*j, 0 = 4*j - 4*c - 108. Suppose -51 = -5*u + 4. What is the highest common factor of u and j?
11
Let a(p) = 4*p**2 + 5*p + 3. Let w be a(-3). Suppose 3*i - 66 = 4*f, 2*i - 558 = -3*f - 480. Calculate the greatest common divisor of i and w.
6
Suppose 0 = g + 4*v - 153 + 660, 3*g = 3*v - 1566. Let h = -321 - g. Calculate the greatest common factor of 22 and h.
22
Let k = -155 - -233. Let x be k/(6*1/4). Suppose 3*v = -v + x. What is the greatest common factor of 52 and v?
13
Let m be (-2)/(-4)*(52*-1)/(-1). What is the highest common factor of m and 117?
13
Suppose -3*v + 32 = -5*u - 56, 0 = 2*v + u - 50. What is the highest common divisor of v and 4?
2
Let o(v) = 2*v**3 + 6*v**2 - 107*v + 8. Let c be o(6). Let k be (112/(-6))/(1/(-6)). Calculate the highest common factor of k and c.
14
Let m(f) = f**2 - 8*f + 24. Let u be m(7). Suppose -u*y + 381 = 126. Calculate the greatest common factor of 25 and y.
5
Let x(r) = -26*r + 1. Let s be x(-1). Let q be 5*(3 - 93/(-5)). What is the greatest common divisor of q and s?
27
Let r = 76 + -77. Let y be 22 - (-3 - (r - -1)). Calculate the highest common factor of y and 10.
5
Let f(h) be the second derivative of h**5/20 + 11*h**4/12 - 5*h**3/3 - 23*h**2/2 - 13*h. Let r be f(-11). What is the highest common divisor of r and 58?
29
Let m be (-9)/3 + 21/3. Suppose -m*b - 5*u = -54, -4*u + u - 70 = -4*b. Suppose -c - 3*c = -2*r + b, -5*c = -20. What is the highest common divisor of 24 and r?
8
Let z = 19 + -11. Suppose -31 - 4 = -5*c. Suppose -2*v = 5 - c. What is the highest common divisor of z and v?
1
Let d = 313 + -125. Let s = d - 56. What is the greatest common divisor of 44 and s?
44
Let l(i) be the second derivative of i**4 + 7*i**3/6 + 3*i**2/2 + 8*i. Let w be l(-3). Let v = -8 + 44. What is the highest common factor of v and w?
18
Let r(s) be the second derivative of s**5/10 - 2*s**4/3 - s**3/3 - 6*s**2 + 8*s. Let f be r(6). What is the highest common divisor of f and 15?
15
Let l(f) = -3*f. Let n be l(5). Let v be (-203)/(-5) + 9/n. What is the highest common factor of 8 and v?
8
Let g be 3/(-2*(-36)/384). What is the highest common divisor of g and 1424?
16
Let d = -22 - -18. Let g(l) = 2*l**2 + 2*l + 3. Let o be g(d). What is the highest common factor of 81 and o?
27
Suppose 20 = 3*r - 2*r. Suppose r*x - 154 = 13*x. What is the highest common divisor of 2 and x?
2
Let x = 595 + -532. Calculate the greatest common factor of 567 and x.
63
Let j(k) = 53*k**2 - 2*k - 1. Let m be j(-1). Let t be (-1 - -2)*(0 - -1). Let o = t - -5. What is the highest common divisor of m and o?
6
Let n be (-186)/(-15) + (-8)/20. Let a(q) = -q**3 + 8*q**2 - 10*q + 36. Let y be a(6). What is the greatest common divisor of y and n?
12
Let w be ((-90)/(-20))/((-6)/(-16)). Suppose 5*k - 4*k = w. Calculate the greatest common divisor of k and 48.
12
Let n(t) = -t**2 + 23*t + 175. Let y be n(29). Let k = 1 + 0. What is the greatest common factor of k and y?
1
Suppose -3*g - 2*k = -12 - 8, 3*g - 55 = 5*k. Let h(f) = 4*f + 14. Let t be h(19). What is the greatest common factor of t and g?
10
Suppose 25 = 2*h - 3*n, 2*n - 8 = -2*h + 12. What is the highest common divisor of h and 1133?
11
Let d(y) = 7*y - 18. Suppose -16 = -12*c + 10*c. Let i be d(c). What is the highest common factor of 57 and i?
19
Let s(x) = -9*x + 417. Let t be s(43). Let o be 1918/8 + 2/8. Calculate the greatest common divisor of t and o.
30
Let q(m) = -m**2 - 9*m - 10. Let n be q(-6). Suppose n*c - 11*c + 45 = 0. Calculate the greatest common factor of c and 165.
15
Let p be 30/20 - (-45)/(-2). Let a = p + 23. What is the greatest common factor of a and 10?
2
Let t be 45/6*(-8)/6. Let u be 0*1/t*-5. Suppose 4*p - 97 = p + 2*j, u = 2*p - 5*j - 61. Calculate the greatest common divisor of p and 22.
11
Let q be 2 - 6/((-2)/((-272)/(-6))). Calculate the highest common factor of q and 6.
6
Suppose 98*p - 1056 = 10*p. Let v(g) = g + g**2 + 95*g**3 - g. Let o be v(1). What is the highest common divisor of p and o?
12
Suppose -7*g = -5*g - 208. Suppose -2 = m + 1. Let a be (m/(-3) - -11) + 1. What is the greatest common factor of a and g?
13
Let w(m) = m**2 + 20*m + 66. Let f be w(-17). Calculate the greatest common divisor of 345 and f.
15
Let n = 243 + -235. Calculate the greatest common divisor of 904 and n.
8
Let u b